y(f). What is the highest common factor of 12 and j?
12
Let t(h) = -20*h + 5. Let l be t(-4). Calculate the highest common factor of 17 and l.
17
Suppose -c = 3*c. Let k be -2 + (-2 - -12) + c. What is the greatest common divisor of 8 and k?
8
Let g = -20 + 22. Let t be ((-12)/36)/(g/(-66)). What is the greatest common divisor of 11 and t?
11
Let b = -11 + 56. Suppose 0 = -7*y + 2*y + b. Suppose 0 = -3*w - w + 324. What is the greatest common divisor of w and y?
9
Let f(m) = -2*m + 5*m**2 + 2*m - 5*m + 2*m. Let v be f(3). Suppose -4*w - z = -100, 0*w + 2*w - v = 3*z. Calculate the greatest common divisor of 3 and w.
3
Suppose -2*b + 9 = -2*s + 3*s, 0 = 5*s + 5*b - 20. Let y = s - -3. Let o be (2 - 0) + 1 + -1. Calculate the highest common factor of y and o.
2
Let n(r) = r**3 - 8*r**2 + 3*r - 9. Let a be 0 + (0/(-2) - -8). Let o be n(a). What is the highest common divisor of o and 135?
15
Suppose 5*v + 3*z = 47, -v - z - 51 = -6*v. Let j = -7 + v. Suppose j*h - 36 = -h. What is the highest common divisor of 9 and h?
9
Let t = 59 - 43. Calculate the greatest common divisor of 32 and t.
16
Suppose -558 = -g - 5*g. What is the greatest common factor of g and 62?
31
Let z(q) = q. Let l be z(1). Suppose l - 3 = -u. Suppose 94 = 2*s + g - u*g, -20 = -5*g. What is the greatest common factor of s and 7?
7
Let q = -9 + 13. Suppose 3*b + q = 4*b. Suppose b*f - 5*a = 143, 2*f - 48 = -4*a + 56. Calculate the highest common divisor of f and 6.
6
Let b be 2/9 + 223/9. Suppose -w = 48 - 218. Suppose -h = a - 198, a = 2*h + 34 + w. Calculate the greatest common divisor of b and a.
25
Let n be (4/4 - -4) + 40. Calculate the highest common factor of n and 315.
45
Suppose 4 + 4 = -4*g, 4*y = 2*g + 92. Calculate the highest common divisor of 33 and y.
11
Suppose 5*x = -5, 5*m - m - 4*x = 552. Suppose 3*w = -5*b + m, 3*w - b = -2*w + 247. Let s = 69 - w. Calculate the highest common divisor of s and 4.
4
Let r be -6*((-4)/6 - 0). Suppose z + 6 = r*z. Let p be 80/14 + z/7. Calculate the highest common factor of 12 and p.
6
Let k(h) = -2*h. Let x be k(-10). Let r(f) = -7*f - 13. Suppose 2*c - 1 = -3, -v + c - 8 = 0. Let b be r(v). Calculate the highest common divisor of x and b.
10
Let o = -9 + 4. Let m(d) = d**2 + 4*d + 7. Let a be m(o). Calculate the highest common divisor of 108 and a.
12
Suppose -2*l - 3*z = -81, -l + 4*l = 5*z + 131. Let y = 74 - l. Let r = -7 + 11. Calculate the highest common divisor of y and r.
4
Let u = 194 + -134. Let x(w) be the third derivative of w**5/15 - w**4/8 + w**3/3 - w**2. Let t be x(2). Calculate the greatest common divisor of t and u.
12
Let i = -13 - -52. Calculate the greatest common divisor of i and 13.
13
Let d = -7 - -15. Let w = 12 - d. Suppose 4*p + x + x = 70, 4 = -w*x. What is the greatest common factor of p and 9?
9
Suppose -4*y - 14 = -5*y. Let b(p) = p**2 - 27*p + 47. Let m be b(26). What is the highest common factor of y and m?
7
Let b be 2/(-11) + 52/44. Suppose 0 = -5*n + 3*k + 40, 0 = 3*n + 3*k + k - 53. What is the greatest common divisor of b and n?
1
Let o be 1*3/(6/20). Let g = 11 - 5. Let l = -4 + g. Calculate the highest common divisor of o and l.
2
Let o be 5/(10/(-4)) - -32. Calculate the greatest common factor of o and 120.
30
Let p = -32 - -54. What is the greatest common divisor of 33 and p?
11
Suppose -d - 4*b - 3 = 11, 2 = -5*d - 3*b. Let f(c) = 2*c - 15 + 6 - 8. Let z be f(9). What is the greatest common divisor of z and d?
1
Let g be ((-2)/4)/(2/(-48)). Let i be (-192)/(-18)*9/2. What is the highest common divisor of g and i?
12
Let j be (6/(-4))/(4/(-32)). Let d be (8/10)/((-2)/(-10)). What is the highest common factor of j and d?
4
Suppose 0 = -2*x - 11 + 19. What is the greatest common divisor of x and 28?
4
Let z = -20 - -25. Suppose d - 23 = -3*t, z = -3*t + 3*d + 44. Let i = 112 + -13. What is the greatest common divisor of i and t?
9
Let f = -28 + 43. Calculate the highest common factor of f and 5.
5
Let f = 0 - -15. Let a = 157 - 37. Calculate the greatest common divisor of a and f.
15
Let k(q) = -4*q + 4. Let v(s) = 3*s - 5. Let f(c) = 6*k(c) + 5*v(c). Let r be f(8). Let g = -19 - r. What is the highest common divisor of g and 6?
6
Suppose 2*f + 0*f - 100 = 0. Let z be 4/22 + (-1836)/(-187). What is the greatest common divisor of f and z?
10
Let j = -10 + 18. Suppose 5*t + 3 - j = 0. Calculate the greatest common divisor of 1 and t.
1
Suppose -3*b = 2*k - 223, -4*k + 206 = -4*b - 190. What is the highest common divisor of k and 13?
13
Let x = -80 + 96. Calculate the highest common factor of x and 80.
16
Suppose -4*f = -8, 2*f + 1 = -2*i + 59. What is the greatest common factor of i and 36?
9
Let d(y) = -y + 6. Let q be d(3). Suppose -4*h - r + 40 = 0, -q*h - r = -0*r - 30. Let m = 0 + h. What is the highest common factor of m and 2?
2
Let l = 28 + -19. Suppose 132 = 3*t - 3*u, -131 = -4*t + t + 4*u. Calculate the greatest common divisor of l and t.
9
Suppose 10 + 17 = 3*m. Suppose 7 = d - 10. Let n = d - m. Calculate the greatest common factor of n and 88.
8
Let y be 4 + 85 + 0 + 3. Suppose 108 = 4*h + 16. Calculate the highest common factor of y and h.
23
Let t be 94 + (1 + 0)*-1. Let h = -53 + t. Let g be 19 + (1 + -4)*1. What is the greatest common factor of h and g?
8
Suppose 16 = -2*v + 6*v. Suppose -4*f + 0*f + 2*o = -210, 3*f - v*o - 165 = 0. Let x = 72 - 55. Calculate the greatest common divisor of x and f.
17
Suppose -5*v + 0*v = -15. Let m be v/9 - (-25)/15. Calculate the greatest common divisor of m and 16.
2
Suppose 19 = -5*c + 2*z, -4*z + z = -c + 4. Let l(k) = -4*k - 4. Let d be l(c). Calculate the greatest common divisor of d and 48.
16
Let h = 3 + 1. Let f be (3 - h)*(-3 + 0). Suppose -27 = -3*t + f. What is the greatest common divisor of t and 20?
10
Let f = 0 + 9. Let m(r) = 4*r**2 - 10*r - 3. Let q be m(f). Calculate the greatest common factor of 21 and q.
21
Let c = 9 - -15. Calculate the highest common divisor of 16 and c.
8
Let h(i) = 5*i - 17. Let n be h(9). What is the greatest common divisor of 140 and n?
28
Let v(u) = -u**2 - 9*u - 3. Let r be v(-5). Calculate the highest common divisor of 68 and r.
17
Suppose -2*r + 3*s + 15 + 7 = 0, 4*s = 4*r - 36. Let q be (-1 + 2)*75/3. Calculate the highest common divisor of r and q.
5
Suppose -2*n = 2*n + 16. Let h be n/(-2) + (-2 - -16). Calculate the greatest common divisor of h and 8.
8
Let v(j) be the third derivative of j**5/20 - j**4/12 + j**3/3 + 2*j**2. Let k be v(4). What is the greatest common divisor of k and 14?
14
Let m = 0 + 2. Suppose m*p - 27 = 15. Calculate the highest common factor of p and 231.
21
Let b = 78 - 43. Let s(g) = -g**3 + 5*g**2 - 6. Let y be s(5). Let j = y + 11. Calculate the highest common divisor of b and j.
5
Let i be (-10)/(-12)*50 - (-2)/6. What is the greatest common factor of 7 and i?
7
Suppose 2*h = 3*t - 619, 0 = -t - 4*h - 11 + 236. Calculate the highest common factor of t and 19.
19
Suppose -4*h + 1 = 5*l - 2*l, 0 = l + 1. Let a = 7 - h. Suppose 3*s = s + 12. Calculate the highest common divisor of a and s.
6
Suppose 2*q + q = 9. Suppose -q*s - 10 = 2*s. Let x be 3/(-6)*72/s. What is the greatest common divisor of 12 and x?
6
Suppose -101 = -3*o - 3*i - i, -106 = -3*o - 5*i. Calculate the greatest common divisor of 9 and o.
9
Let y(c) = -c**2 + 7*c + 2. Let t be y(6). Calculate the greatest common divisor of t and 88.
8
Let j be (-1 + -1)*(-10)/4. Let w = j + 3. Let x(d) = d**3 + d**2 - 4*d + 8. Let l be x(3). What is the greatest common factor of l and w?
8
Suppose 0 = -2*u + v + 6, 0*u = -3*u - 2*v + 16. Suppose 4*a - 84 = -u*q - 0*q, -4*a + 66 = -5*q. What is the highest common factor of 57 and a?
19
Let r(v) = 6*v. Let u be r(1). Suppose 0 = d - u*d + 65. Calculate the highest common factor of d and 117.
13
Let r be 18/(-12)*(-10)/3. Suppose 0*h + 40 = r*h. What is the greatest common divisor of h and 88?
8
Let l = -87 - -119. Calculate the greatest common factor of l and 32.
32
Let x(j) = j**3 + j**2 + j + 10. Let w be x(0). Let n be (-6)/((2/(-5))/2). What is the greatest common divisor of n and w?
10
Suppose -16 = 5*r - 31. Let c(l) = -3*l - 2. Let a be c(-2). Suppose y + g = 38, -124 = -a*y + y - 5*g. What is the greatest common divisor of r and y?
3
Let v(c) = -c**3 + 